0. What are the prime factors of j(i)?
2, 7
Let i(g) = g**3 - 8*g**2 + 11*g - 80. List the prime factors of i(15).
2, 5, 83
Suppose 28 - 154 = -2*g - 2*l, -5*g + 324 = -4*l. Suppose 2*s - 4 = 0, -4*o - 4*s = -g - 200. List the prime factors of o.
2
Let l = 679 - 113. List the prime factors of l.
2, 283
Suppose 3*p = -4*x + 5*x + 31, 5*p - 60 = 2*x. Suppose -7*v + 3*v + 288 = 0. Let y = v + x. List the prime factors of y.
47
Let v(o) = -o**2 - 14*o + 17. Let y be v(-10). Suppose -y = -4*h + 3*c, -5*h + 19 = -c - 66. What are the prime factors of h?
2, 3
List the prime factors of 1344 - -2 - (-20)/(-4)*-1.
7, 193
Suppose 26*w - 2*h + 10903 = 29*w, 4*w = 3*h + 14543. What are the prime factors of w?
5, 727
Let t = 71 + -46. List the prime factors of ((-3160)/t)/(-1) - 2/5.
2, 3, 7
Let a(o) = -o**3 - 4*o**2 + 7*o + 8. Let y be a(-6). Let l = y + 102. List the prime factors of l.
2, 5, 7
Let l = 35 - 71. What are the prime factors of 88*(37/36 + (-8)/l)?
2, 5, 11
Let p(r) = -r**3 - 3*r**2 - 2*r - 8. Let x be p(-4). Suppose x + 149 = 3*t. List the prime factors of t.
5, 11
Suppose 8 = -8*z + 12*z. Suppose k - 1 = 2*o, -3*o = -4*k + 16 - z. List the prime factors of o.
2
Suppose -4*r = 3*v - 701, 2*v - 3*r = 2*r + 452. List the prime factors of v.
3, 7, 11
Let o = -11 + 14. Let g(z) = -2*z + 4. Let t be g(o). What are the prime factors of (59/t)/(3/(-6))?
59
Let q be (881/(-2))/(-7 + 78/12). Suppose -4*i - 265 = -q. List the prime factors of i.
2, 7, 11
Let y(g) be the third derivative of g**5/60 - g**4/8 - 9*g**3/2 - 26*g**2. What are the prime factors of y(11)?
61
Let i = -913 + 2128. List the prime factors of i.
3, 5
Suppose 4*d + 164 = 3*z, 4*z - 225 = d - 2*d. Suppose 52 = -10*u + 14*u. Let p = z - u. What are the prime factors of p?
43
Suppose -2*x + 3*b = -338, 0 = x - 5*b - 135 - 41. List the prime factors of x.
2, 83
Let c = 2275 + -1614. What are the prime factors of c?
661
Let c(r) be the second derivative of r**3/3 + 6*r**2 - r. Let b be c(-6). Suppose 3*q - 23 = q - w, 3*q + w - 36 = b. What are the prime factors of q?
13
Let g = 3 - -1. Suppose 0 = o - 2*r + 3*r - g, -5*r = -3*o + 4. List the prime factors of o.
3
Let r(v) be the second derivative of v**3/2 - 9*v**2/2 + v. Let l be r(4). Suppose l*k - 98 = -38. List the prime factors of k.
2, 5
Let r be 0 - 3/(-3)*3. Suppose -o = -r*o + 8. List the prime factors of ((-2)/3)/(o/(-84)).
2, 7
Let c = -45 - -139. Let u = 159 - c. Let t = u - 11. List the prime factors of t.
2, 3
Let f(t) = -174*t + 19. What are the prime factors of f(-16)?
2803
Let p(g) = 3*g - 3. Let n be p(2). Suppose -y + 6 = -n*z, 2*y = 4*z + 5 + 9. What are the prime factors of y?
3
Let s(f) = 6*f**2 - 1. Suppose 0 = 5*o + 4*z - 25, -2*o + z = -o - 5. List the prime factors of s(o).
149
Let j be (-3 - -2)*5/((-5)/3). Suppose -2*k = j*k - 5, -5*h - k + 121 = 0. List the prime factors of h.
2, 3
Let y(a) = a**3 - 7*a**2 + 7*a - 7. Let q be y(6). Let p = q + 4. Suppose p + 1 = o. List the prime factors of o.
2
Suppose -i = 2*z - 23, 5*z + i - 55 = -i. What are the prime factors of (z/(-6))/((-21)/56)?
2
Suppose i - a - 236 = 0, 8*a + 8 = 12*a. What are the prime factors of i?
2, 7, 17
List the prime factors of (-17720)/(-25) + 48/40.
2, 5, 71
Suppose 3*q + 2 = -5*o, 2*o = 1 - 3. List the prime factors of 22*(q - 1/(-2)).
3, 11
Let a = -2 + 4. Suppose 4*h - 8 = a*h. Suppose -h*x - 14 = -5*x. List the prime factors of x.
2, 7
Suppose -3*h - 7*a = -0*h - 12682, 2*h + 3*a - 8463 = 0. What are the prime factors of h?
3, 157
List the prime factors of (-35760)/(-75) - (-1)/(0 + 5).
3, 53
List the prime factors of ((-30)/(-25))/(20/37100).
2, 3, 7, 53
Let q be (-6)/(-39) - 15/13. Let s be (3 - 2)*q - -5. Let a(v) = v**3 - 4*v**2 + 5*v - 5. List the prime factors of a(s).
3, 5
Let k(d) = -d**3 + 5*d**2 + 5*d + 7. Let u be k(6). Let s = u + 1. What are the prime factors of (-932)/(-44) - s/11?
3, 7
Let a = 242 + -19. List the prime factors of a.
223
Suppose -23*i - 4632 = -27*i. What are the prime factors of i?
2, 3, 193
Suppose -135 - 54 = -l + 2*v, 3*l - 575 = 2*v. List the prime factors of l.
193
List the prime factors of (-21)/28 - 5070/(-8).
3, 211
Suppose 14 = 3*m - 2*m. Suppose m = 4*t + 6. What are the prime factors of -1 + (t - 3) + 13?
11
Let c(y) = -22*y + 2. Let v be c(-1). Let f = 28 - v. Suppose -3*m - l + 49 = 0, -f*l = 3*m - 5*l - 59. What are the prime factors of m?
2, 3
Let w(h) = h**3 + h**2 + 1. Let x(g) = 18*g**3 - 3*g**2 + 2*g - 4. Let t(r) = -5*w(r) - x(r). Let m be t(-1). Suppose m = 2*n - 12. List the prime factors of n.
17
Let a(l) = 4*l + 92. List the prime factors of a(0).
2, 23
Let s = 51 - 49. Suppose 0 = -s*r - 7*r + 531. List the prime factors of r.
59
Let n(d) = d**2 - 16*d + 47. What are the prime factors of n(41)?
2, 67
Suppose -2*g + 0*g = 4*i - 52, -5*i - 2*g + 63 = 0. Let d(f) = 27*f - 27. Let l be d(i). Suppose l = 8*m + 38. List the prime factors of m.
29
Let f be -2 - (-4 + 28/(-2)). List the prime factors of ((-36)/(-24))/(6/f).
2
Suppose 256342 = 61*v + 6*v. What are the prime factors of v?
2, 1913
Let y(u) = u**3 + 7*u**2 + 6*u. Let p be y(-6). What are the prime factors of 1 + p + 2 + 54?
3, 19
Suppose w = 4*j - 1052, -2*w - 2 - 6 = 0. List the prime factors of j.
2, 131
What are the prime factors of 549/366 - 1687/(-2)?
5, 13
Suppose -8*r + 3*r - 99 = -4*m, 4*m + r = 105. Suppose -4*x = -3*j + 43, -5*x + 4*x = j - m. What are the prime factors of j?
3, 7
Let f be (1 - -1 - 0) + 2. Suppose 4*g - 12 = f. Suppose 0 = -4*q + g*l + 72, 0 = 3*l + 4 + 2. List the prime factors of q.
2
Let m = 112 - 202. Let r = m - -137. Let w = r + -28. List the prime factors of w.
19
Suppose -398*p = -388*p - 21500. List the prime factors of p.
2, 5, 43
Let f = 783 - 501. What are the prime factors of f?
2, 3, 47
Suppose 43 = 7*k - 818. Suppose -9*j + k = -6*j. List the prime factors of j.
41
Suppose -2*x + 10 = 3*k, 3*k + 2*k - 6 = 2*x. Suppose 2*a + 0*a - 112 = -k*v, 3*v - 114 = -2*a. What are the prime factors of a?
2, 3
Let d(k) = k**3 - 4*k**2 - 7*k + 7. Let i be d(5). What are the prime factors of i + 0 + 95 + -2?
2, 3, 5
Let c = -6 - -4. Let p be ((-39)/(-12))/(c/(-8)). Let r = 3 + p. List the prime factors of r.
2
Let i be 16/10 - (-14)/35. What are the prime factors of i/(-2)*(-234)/3?
2, 3, 13
Suppose 0 = -2*i + 39 + 17. Let u = 68 - i. List the prime factors of u.
2, 5
Let r(u) = u**3 + 7*u**2 - 3*u - 25. Let w(o) = o + 16. Let g be w(-21). List the prime factors of r(g).
2, 5
Let f = 49 - 49. Suppose -2*w + 76 + 182 = f. What are the prime factors of w?
3, 43
Suppose 2100 = 23*i - 17*i. List the prime factors of i.
2, 5, 7
Let o = 11465 + -7218. List the prime factors of o.
31, 137
Let q be (2 - 7)/(1 - 2). Suppose y - 5*t = 30 + 208, -5*y + q*t + 1170 = 0. List the prime factors of y.
233
Suppose -16*c = 3 - 291. What are the prime factors of c?
2, 3
Let p(o) be the first derivative of -o**3/3 - 5*o**2 + 8*o + 60. Let s be ((-9)/(-2))/(2/(-4)). List the prime factors of p(s).
17
List the prime factors of (-2648)/(-14) - (-13)/(-91).
3, 7
Suppose -4981 = -4*q + 2*a + 1225, 4*a + 3088 = 2*q. List the prime factors of q.
2, 3, 7, 37
Let c(f) be the third derivative of -f**5/15 + f**4/12 + f**3/3 - 5*f**2. Let n be c(-2). Let l = n - -43. What are the prime factors of l?
5
Let j = -118 - -114. List the prime factors of ((-1945)/(-15) - j) + (-4)/6.
7, 19
Let b(x) = -61*x**3 + 9*x + 18. What are the prime factors of b(-3)?
2, 3, 7, 13
Suppose 3*y + 2*y = -5*a + 2900, -2*a = y - 583. List the prime factors of y.
577
Suppose 0 = -11*s + 531 + 1691. List the prime factors of s.
2, 101
Suppose 694 = -8*x + 150. List the prime factors of x/6*45/(-10) - -2.
53
List the prime factors of (19 - 10) + 1 - -1900.
2, 5, 191
Let l(n) be the second derivative of -n**4/12 + 5*n**3/6 + 3*n**2/2 - 4*n. Let w be l(4). Suppose -6*t + w*t - 11 = 0. List the prime factors of t.
11
Let q(d) = 194*d + 16. What are the prime factors of q(4)?
2, 3, 11
Suppose 4*w = 2*l + 8*w - 3604, 0 = -3*l + w + 5441. List the prime factors of l.
2, 3, 151
Suppose 0 = -4*c + 3*i + 294, 14*c + 4*i - 64 = 13*c. List the prime factors of c.
2, 3
Suppose -2925 + 681 = -3*z. List the prime factors of z.
2, 11, 17
Let q(b) = b**3 + b**2 + b